{"id":146,"date":"2018-06-04T16:05:39","date_gmt":"2018-06-04T16:05:39","guid":{"rendered":"http:\/\/multipurpose.loc\/hotel\/?page_id=146"},"modified":"2022-10-14T16:04:11","modified_gmt":"2022-10-14T19:04:11","slug":"nosotros","status":"publish","type":"page","link":"https:\/\/www.eluneycabanas.cl\/combarbala\/nosotros\/","title":{"rendered":"Nosotros"},"content":{"rendered":"<p>[vc_row][vc_column][stm_spacer height=&#8221;40&#8243; height_tablet=&#8221;30&#8243; height_mobile=&#8221;20&#8243;][\/vc_column][\/vc_row][vc_row equal_height=&#8221;yes&#8221; content_placement=&#8221;middle&#8221; shadow_x_offset=&#8221;0&#8243; shadow_y_offset=&#8221;0&#8243; shadow_blur=&#8221;0&#8243; shadow_spread=&#8221;0&#8243;][vc_column width=&#8221;1\/3&#8243;][vc_single_image image=&#8221;2156&#8243; img_size=&#8221;400&#215;400&#8243; alignment=&#8221;center&#8221; css_animation=&#8221;none&#8221;][\/vc_column][vc_column width=&#8221;2\/3&#8243;][vc_column_text]El establecimiento \u201cEluney\u201d est\u00e1 ubicado en la calle las A\u00f1a\u00f1ucas s\/n, localidad el Huacho, Comuna de Combarbala, IV regi\u00f3n de Chile (Regi\u00f3n de Coquimbo). Esta es una zona segura y de f\u00e1cil acceso a los siguientes lugares:<\/p>\n<ul>\n<li>Est\u00e1 ubicado a 20 minutos en veh\u00edculo a Combarbala.<\/li>\n<li>Se encuentra a 60 minutos en veh\u00edculo a Ovalle<\/li>\n<li>Est\u00e1 ubicado a 30 minutos en veh\u00edculo a Punitaqui.<\/li>\n<li>Se encuentra a 10 minutos en veh\u00edculo a Manquehua.<\/li>\n<li>Se encuentra a 10 minutos en veh\u00edculo a Soruco.<\/li>\n<\/ul>\n<p style=\"text-align: justify;\">El recinto se compone de un total de 2 Caba\u00f1as, cada una equipada para 4 personas. La arquitectura de Eluney es de estilo Mediterr\u00e1neo con decoraciones rusticas, ideal para el descanso y la pr\u00e1ctica de deportes como Tracking, rutas para bicicleta, Running, entre otros.<\/p>\n<p>[\/vc_column_text][\/vc_column][\/vc_row][vc_row full_width=&#8221;stretch_row_content_no_spaces&#8221; shadow_x_offset=&#8221;0&#8243; shadow_y_offset=&#8221;0&#8243; shadow_blur=&#8221;0&#8243; shadow_spread=&#8221;0&#8243; shadow_color=&#8221;&#8221; css=&#8221;.vc_custom_1665774249390{margin-right: 15px !important;margin-left: 12px !important;}&#8221;][vc_column width=&#8221;1\/2&#8243; shadow_x_offset=&#8221;0&#8243; shadow_y_offset=&#8221;0&#8243; shadow_blur=&#8221;0&#8243; shadow_spread=&#8221;0&#8243; shadow_color=&#8221;&#8221; offset=&#8221;vc_col-lg-3 vc_col-md-6 vc_col-xs-12&#8243;][stm_info_box icon=&#8221;fas fa-moon&#8221; icon_size=&#8221;79&#8243; style=&#8221;style_2&#8243; title=&#8221;Observatorio Cruz del Sur&#8221; image=&#8221;2215&#8243;][\/stm_info_box][\/vc_column][vc_column width=&#8221;1\/2&#8243; shadow_x_offset=&#8221;0&#8243; shadow_y_offset=&#8221;0&#8243; shadow_blur=&#8221;0&#8243; shadow_spread=&#8221;0&#8243; shadow_color=&#8221;&#8221; offset=&#8221;vc_col-lg-3 vc_col-md-6 vc_col-xs-12&#8243;][stm_info_box icon=&#8221;fas fa-leaf&#8221; icon_size=&#8221;84&#8243; style=&#8221;style_2&#8243; title=&#8221;Reserva Nacional Las Chinchillas&#8221; image=&#8221;2218&#8243;][\/stm_info_box][\/vc_column][vc_column width=&#8221;1\/2&#8243; shadow_x_offset=&#8221;0&#8243; shadow_y_offset=&#8221;0&#8243; shadow_blur=&#8221;0&#8243; shadow_spread=&#8221;0&#8243; shadow_color=&#8221;&#8221; offset=&#8221;vc_col-lg-3 vc_col-md-6 vc_col-xs-12&#8243;][stm_info_box icon=&#8221;fas fa-water&#8221; icon_size=&#8221;80&#8243; style=&#8221;style_2&#8243; title=&#8221;Embalse La Paloma&#8221; image=&#8221;2219&#8243;]En las playas de los alrededores puedes practicar desde los deportes m\u00e1s simples, hasta los m\u00e1s extremos.[\/stm_info_box][\/vc_column][vc_column width=&#8221;1\/2&#8243; shadow_x_offset=&#8221;0&#8243; shadow_y_offset=&#8221;0&#8243; shadow_blur=&#8221;0&#8243; shadow_spread=&#8221;0&#8243; shadow_color=&#8221;&#8221; offset=&#8221;vc_col-lg-3 vc_col-md-6 vc_col-xs-12&#8243;][stm_info_box icon=&#8221;fas fa-map-marked&#8221; icon_size=&#8221;80&#8243; style=&#8221;style_2&#8243; title=&#8221;Ruta Antakari&#8221; image=&#8221;2220&#8243;][\/stm_info_box][\/vc_column][\/vc_row]<\/p>\n","protected":false},"excerpt":{"rendered":"<p>[vc_row][vc_column][stm_spacer height=&#8221;40&#8243; height_tablet=&#8221;30&#8243; height_mobile=&#8221;20&#8243;][\/vc_column][\/vc_row][vc_row equal_height=&#8221;yes&#8221; content_placement=&#8221;middle&#8221; shadow_x_offset=&#8221;0&#8243; shadow_y_offset=&#8221;0&#8243; shadow_blur=&#8221;0&#8243; shadow_spread=&#8221;0&#8243;][vc_column width=&#8221;1\/3&#8243;][vc_single_image image=&#8221;2156&#8243; img_size=&#8221;400&#215;400&#8243; alignment=&#8221;center&#8221; css_animation=&#8221;none&#8221;][\/vc_column][vc_column width=&#8221;2\/3&#8243;][vc_column_text]El establecimiento \u201cEluney\u201d est\u00e1 ubicado en la calle las A\u00f1a\u00f1ucas s\/n, localidad el Huacho, Comuna de Combarbala, IV regi\u00f3n de Chile (Regi\u00f3n de Coquimbo). Esta es una zona segura y de f\u00e1cil acceso a los siguientes lugares: Est\u00e1 ubicado a [&hellip;]<\/p>\n","protected":false},"author":1,"featured_media":1618,"parent":0,"menu_order":0,"comment_status":"closed","ping_status":"closed","template":"","meta":{"footnotes":""},"class_list":["post-146","page","type-page","status-publish","has-post-thumbnail","hentry"],"_links":{"self":[{"href":"https:\/\/www.eluneycabanas.cl\/combarbala\/wp-json\/wp\/v2\/pages\/146","targetHints":{"allow":["GET"]}}],"collection":[{"href":"https:\/\/www.eluneycabanas.cl\/combarbala\/wp-json\/wp\/v2\/pages"}],"about":[{"href":"https:\/\/www.eluneycabanas.cl\/combarbala\/wp-json\/wp\/v2\/types\/page"}],"author":[{"embeddable":true,"href":"https:\/\/www.eluneycabanas.cl\/combarbala\/wp-json\/wp\/v2\/users\/1"}],"replies":[{"embeddable":true,"href":"https:\/\/www.eluneycabanas.cl\/combarbala\/wp-json\/wp\/v2\/comments?post=146"}],"version-history":[{"count":30,"href":"https:\/\/www.eluneycabanas.cl\/combarbala\/wp-json\/wp\/v2\/pages\/146\/revisions"}],"predecessor-version":[{"id":2304,"href":"https:\/\/www.eluneycabanas.cl\/combarbala\/wp-json\/wp\/v2\/pages\/146\/revisions\/2304"}],"wp:featuredmedia":[{"embeddable":true,"href":"https:\/\/www.eluneycabanas.cl\/combarbala\/wp-json\/wp\/v2\/media\/1618"}],"wp:attachment":[{"href":"https:\/\/www.eluneycabanas.cl\/combarbala\/wp-json\/wp\/v2\/media?parent=146"}],"curies":[{"name":"wp","href":"https:\/\/api.w.org\/{rel}","templated":true}]}}